*v, -w - l*w + 55 = -5*v. Is 2512/w - (-6)/(-30) composite?
False
Let g(q) = q**2 + 5*q - 15. Let y(v) = 4*v**2 - 4*v + 2. Let x be y(4). Let d = 34 - x. Is g(d) a composite number?
True
Suppose 5*y - 1500 = 5720. Let s be (-1 - -4)*22/33. Suppose -b + 206 = 4*p - 523, -p = s*b - y. Is b a composite number?
True
Suppose 0*s - 5 = -b - 3*s, 0 = 2*b + s - 10. Suppose 5*f - 797 = 4*n, -b*f + 2*n = -0*f - 801. Is f a prime number?
False
Let p(d) = -d**2 - 6*d + 17. Let n be p(-7). Suppose -n*x + 9*x = 0. Suppose -16*c + 11*c + 905 = x. Is c composite?
False
Let t = -4455 + 14512. Is t composite?
True
Let l = 9490 - 598. Is 2/4 - l/(-24) a composite number?
True
Let b = -94 - -783. Is b composite?
True
Suppose -42*s + 39*s = -4629. Is s prime?
True
Suppose 14*q + 2618 = 13636. Is q a prime number?
True
Suppose 2*a - 182 - 278 = 0. Suppose 0 = -2*s + 6, 5*o + 0*s - 5*s = a. Is o prime?
False
Let r be 6 - (2 + -6 + 8). Suppose -2*s - 3*t + 32390 + 10221 = 0, 5*t - 42601 = -r*s. Is s composite?
False
Let y(l) = 54*l**2 + 23*l - 20. Is y(11) composite?
True
Is ((-13)/(312/(-16)))/(4/222) prime?
True
Let z = -20830 - -47157. Is z a composite number?
True
Let i = 21 + -35. Let f = i - -17. Suppose f*q = 170 + 211. Is q a composite number?
False
Is (78/12)/(-13)*-2714 a prime number?
False
Suppose -6587 = -2*h - j, -h = 4*h - 3*j - 16462. Is h prime?
False
Let n = -20 - -49. Suppose 25*g = n*g - 1612. Is g a prime number?
False
Let l = -1003 + 599. Let z = -277 - l. Is z a prime number?
True
Let l(b) = -b**2 - 12*b - 9. Let u be l(-12). Let i be (-278)/(-1 - 3/u). Suppose -3*k = 5*o - i, 0 = 3*k - 8*k - 3*o + 679. Is k a composite number?
True
Suppose 0 = -4*m + 17 - 9. Suppose m*o - 846 = 4*x, o - 2*o + 408 = 3*x. Is o - -3 - (-1 + 2) prime?
True
Suppose -5*q + 1536 - 106 = 0. Suppose w - 133 = q. Is w a composite number?
False
Is (4/(-8) + 0)*7681*-2 a composite number?
False
Suppose -15*q + 8*q - 6496 = 0. Let z = -395 - q. Is z a prime number?
False
Let q be ((-6)/(-15))/(3/15). Suppose -7 = -q*g + 1. Is (g + -1)*(-489)/(-9) a composite number?
False
Suppose 73*b - 117225 = 28*b. Is b composite?
True
Let i = -1161 + -1380. Let z = -1654 - i. Is z a composite number?
False
Let y(w) = -42*w**3 + 29*w**2 + 9*w - 1. Is y(-6) a composite number?
False
Suppose -q + 25 = -2*y, q - 2*y + y - 20 = 0. Suppose 0 = 3*r + q, 3*r = 4*o + 4*r - 279. Is o a composite number?
False
Let y(o) = -5*o**3 - 3*o**2 - 4*o - 2. Let q(j) = -j**2 + 6*j - 3. Let m be q(4). Suppose 4*u = -m*f + 2, 3*u + 3*f = -u - 2. Is y(u) a composite number?
True
Let i = 642 - -3697. Is i a prime number?
True
Suppose -305192 = -20*l + 435628. Is l a composite number?
True
Suppose -13*j - 7*j = -16780. Is j prime?
True
Suppose 5*r - 3*j - 34 = 0, 5*r + 2*j + 2*j = 13. Suppose 3*a = -2*n + 537 + 1369, r*a = -2*n + 1914. Suppose -5*h - 3*c - c + n = 0, -c = 2. Is h prime?
True
Let z(v) = 352*v + 185. Is z(18) prime?
True
Let m be ((-2)/(-1) + 111)*1. Let w(n) = -2*n**3 - 44*n**2 + n - 8. Let b be w(-22). Let q = b + m. Is q composite?
False
Suppose -5*u + 4*u = -t + 9269, -2*t = -5*u - 18523. Is t composite?
True
Let r be (0 - (-9183)/3)*1. Let i = r + -844. Is i a composite number?
True
Let k = 25041 - 3164. Is k composite?
True
Let a = -11 - -8. Let u be (-9)/a - -9*73. Suppose -414 = -2*n + u. Is n a composite number?
True
Suppose -2*i - 12 = -2*h, -5*i = -2*h - 2*i + 15. Suppose -4*r + 858 = h*d - 1393, -4*r - d + 2257 = 0. Is r prime?
False
Let s be ((-12)/(-10))/((-22)/55). Is 1 - 157*(1 - (-6)/s) composite?
True
Let n be (-88)/(-14) + 8/(-28). Suppose 0 = 5*c - n - 4. Is c + -1*(-9 - -4) a prime number?
True
Let r(c) be the second derivative of -155*c**3/6 + 3*c**2/2 - c. Is r(-4) a composite number?
True
Suppose 5*f = 2*f. Suppose 245 = -5*t - f*t. Let v = t + 72. Is v a prime number?
True
Suppose 0 = 2*z + 3*g + 1, 3*z = -g - 5. Let t be z/(-7) + 57/21. Suppose t*b - 452 = -71. Is b a composite number?
False
Let d(u) = -30*u - 5. Suppose 4*t + 3*v = 4*v + 25, 3*t - 20 = v. Suppose -7 = y + t*c - 0, 3*y - 2*c = -21. Is d(y) a prime number?
False
Suppose -24*r + 234984 = -0*r. Is r a composite number?
False
Let l(k) = 18*k + 2. Let y be ((-68)/(-12))/(1/3). Let d be l(y). Let m = d + 189. Is m composite?
True
Suppose -2*x + 1134 = 20. Is x composite?
False
Let t = -2 - 3. Let p(c) = -4*c**2 - c + 11. Let o be p(t). Let i = -13 - o. Is i a composite number?
False
Let s(j) be the first derivative of -j**4/4 - 10*j**3/3 + 11*j**2/2 - 2*j + 10. Let d be s(-11). Is ((-97)/d)/((-5)/(-10)) a composite number?
False
Let d be (-3)/(-2)*64/24. Suppose -5*k - 372 = -3*a, -d*a - 43 - 336 = 5*k. Let h = 280 + k. Is h composite?
True
Let i = 3812 + -2545. Is i composite?
True
Let f(h) = -2*h**3 - 11*h**2 - 21*h - 23. Is f(-10) prime?
True
Suppose 3*d = -0*d + 39. Let o = d + -9. Suppose -o*c - c = -565. Is c composite?
False
Let w = -160 - -323. Suppose 0 = -8*f + 133 + w. Is f composite?
False
Suppose 4*m = -2*d + 18, 2*d + 5*m = 19 + 1. Suppose 2*j + 10 = 0, d*g + 4*j = 5*j + 190. Is g a composite number?
False
Suppose -5*c - a = -7*c + 981, 5*c - 2452 = 3*a. Is c a prime number?
True
Is ((-1)/1)/(1/(-5461)) composite?
True
Let c(b) = 103*b + 4. Let t(p) = 102*p + 3. Let y(s) = 5*c(s) - 6*t(s). Is y(-3) a composite number?
False
Suppose -4*o = -k, -3*k - o + 8 = -5. Suppose 2*m - 12 = -3*d, d - k - 13 = -5*m. Suppose -2*t + 710 = 4*j, -m*j + 2*t - t + 540 = 0. Is j composite?
False
Let i(c) = -120*c + 14. Is i(-6) a prime number?
False
Suppose -154119 = -27*k + 6*k. Is k composite?
True
Suppose -7*k + 5664 = -46213. Is k a composite number?
False
Suppose 0 = -8*v + 177322 - 19706. Is v a prime number?
False
Suppose -51396 = -15*g - 7266. Is g a composite number?
True
Suppose -7*a = -5*a + 514. Let i = 571 + a. Is i composite?
True
Is -3*(5 + (1 - -212))/(-2) a composite number?
True
Let g(s) = -913*s**3 - 2*s**2 + 3*s + 3. Is g(-3) a prime number?
False
Let y(k) = 18*k - 15. Let d be y(-15). Let x be (-232)/3*d/10. Suppose -6*o + x = 794. Is o a prime number?
False
Let h(l) be the second derivative of 221*l**4/12 + l**3/3 + l**2 + 3*l. Is h(-1) a prime number?
False
Suppose -3*w - w + w = 0. Suppose -m + w*m + 1663 = 0. Is m prime?
True
Let w(i) = i**3 + 40*i**2 - 6*i - 18. Is w(-17) prime?
False
Suppose -1 + 39 = 2*z. Suppose 5 + z = 4*a. Is (-62)/(-4*3/a) a prime number?
True
Let p = -2577 + 13454. Is p composite?
True
Let w be -1*((-12)/4 + 3). Suppose 3*l - 8*l = -4*j - 8, 2*j + 3*l - 18 = w. Is 39 - (j + 0) - 1 a prime number?
False
Let p be 1 - ((-1 - 1) + 1). Suppose -f = p*w - 5*w - 649, 0 = 4*f - 5*w - 2596. Is f prime?
False
Let n = 700 + -2038. Let z = 1925 + n. Is z prime?
True
Suppose -3*r + 730 = -8*r. Let y be 1 - -1 - (5 - 400). Let v = r + y. Is v prime?
True
Suppose -345 = -3*b - 72. Suppose -5*x + 921 = b. Is x a prime number?
False
Let i = 22935 - 13304. Is i prime?
True
Suppose 0 = 2*m + 4*j, -2*m + 2*j = -0*j - 6. Suppose -5*i + 894 = m*s + 251, 2*i + 1274 = 4*s. Is s prime?
False
Suppose 0 = -4*y + a + 379, 0 = y + 4*a - 29 - 53. Suppose -y = -3*b + 65. Is b a composite number?
False
Suppose -4*s + 4*m = 1284, 2*s + s - 2*m = -958. Is ((-10)/(-4))/((-2)/s + 0) a prime number?
False
Suppose -3*b + 2772 - 399 = 0. Suppose 0 = -j + 5*j - 5*k - 969, 3*j - k = 713. Let i = b + j. Is i prime?
False
Suppose -340*o + 8254 = -338*o. Is o a composite number?
False
Let s = 7539 + -4097. Is s a prime number?
False
Let h be ((-222)/7)/(-6) + (-6)/21. Suppose -h*x + 303 = -u + 3*u, 0 = 4*u - 4*x - 592. Is u a prime number?
True
Let c(k) = 7*k**2 - 110*k + 116. Is c(47) a prime number?
False
Suppose -49*a = -131*a + 4010374. Is a composite?
False
Let l(u) = 15*u**2 - 10*u + 24. Is l(25) a composite number?
True
Let a = 330 - 284. Is a a composite number?
True
Let k be ((-75)/9 - -6)*42/(-49). Suppose 4*q + 1470 = 2*b, -q = 2*b - b - 750. Suppose 3*u + k*o = 604 + b, 3*u - 1344 = 3*o. Is u a prime number?
True
Let f = 3 + -2. Is f/(3/(-1 - -3688)) a composite number?
False
Suppose 0*a + 6511 = -a + r, 3*a = 5*r - 19539. Is a/(-16) + 3/12 composite?
True
Is 559 + (-18)/(7 + 2) composite?
False
Suppose -36*s + 33*s = -12963. Is s a prime number?
False
Let k(z) = 4*z + 13. Let p be k(-4). Is 